[INFO] cloning repository https://github.com/cztomsik/hello-webrender
[INFO] running `Command { std: "git" "-c" "credential.helper=" "-c" "credential.helper=/workspace/cargo-home/bin/git-credential-null" "clone" "--bare" "https://github.com/cztomsik/hello-webrender" "/workspace/cache/git-repos/https%3A%2F%2Fgithub.com%2Fcztomsik%2Fhello-webrender", kill_on_drop: false }`
[INFO] [stderr] Cloning into bare repository '/workspace/cache/git-repos/https%3A%2F%2Fgithub.com%2Fcztomsik%2Fhello-webrender'...
[INFO] running `Command { std: "git" "rev-parse" "HEAD", kill_on_drop: false }`
[INFO] [stdout] 4ea5a595074973b938630c365c337806ba99e168
[INFO] checking cztomsik/hello-webrender against try#72f88fc4e9458f89516a0b8b0868f3718aec5b47 for pr-74989
[INFO] running `Command { std: "git" "clone" "/workspace/cache/git-repos/https%3A%2F%2Fgithub.com%2Fcztomsik%2Fhello-webrender" "/workspace/builds/worker-11/source", kill_on_drop: false }`
[INFO] [stderr] Cloning into '/workspace/builds/worker-11/source'...
[INFO] [stderr] done.
[INFO] validating manifest of git repo https://github.com/cztomsik/hello-webrender on toolchain 72f88fc4e9458f89516a0b8b0868f3718aec5b47
[INFO] running `Command { std: "/workspace/cargo-home/bin/cargo" "+72f88fc4e9458f89516a0b8b0868f3718aec5b47" "read-manifest" "--manifest-path" "Cargo.toml", kill_on_drop: false }`
[INFO] started tweaking git repo https://github.com/cztomsik/hello-webrender
[INFO] removed path dependency webrender from git repo https://github.com/cztomsik/hello-webrender
[INFO] finished tweaking git repo https://github.com/cztomsik/hello-webrender
[INFO] tweaked toml for git repo https://github.com/cztomsik/hello-webrender written to /workspace/builds/worker-11/source/Cargo.toml
[INFO] crate git repo https://github.com/cztomsik/hello-webrender already has a lockfile, it will not be regenerated
[INFO] running `Command { std: "/workspace/cargo-home/bin/cargo" "+72f88fc4e9458f89516a0b8b0868f3718aec5b47" "fetch" "--locked" "--manifest-path" "Cargo.toml", kill_on_drop: false }`
[INFO] [stderr] warning: dependency (webrender) specified without providing a local path, Git repository, or version to use. This will be considered an error in future versions
[INFO] [stderr]     Updating crates.io index
[INFO] [stderr] error: the lock file /workspace/builds/worker-11/source/Cargo.lock needs to be updated but --locked was passed to prevent this
[INFO] [stderr] If you want to try to generate the lock file without accessing the network, use the --offline flag.
[INFO] the lockfile is outdated, regenerating it
[INFO] running `Command { std: "/workspace/cargo-home/bin/cargo" "+72f88fc4e9458f89516a0b8b0868f3718aec5b47" "generate-lockfile" "--manifest-path" "Cargo.toml" "-Zno-index-update", kill_on_drop: false }`
[INFO] running `Command { std: "/workspace/cargo-home/bin/cargo" "+72f88fc4e9458f89516a0b8b0868f3718aec5b47" "fetch" "--locked" "--manifest-path" "Cargo.toml", kill_on_drop: false }`
[INFO] [stderr] warning: dependency (webrender) specified without providing a local path, Git repository, or version to use. This will be considered an error in future versions
[INFO] [stderr]  Downloading crates ...
[INFO] [stderr]   Downloaded webrender v0.61.0
[INFO] running `Command { std: "docker" "create" "-v" "/var/lib/crater-agent-workspace/builds/worker-11/target:/opt/rustwide/target:rw,Z" "-v" "/var/lib/crater-agent-workspace/builds/worker-11/source:/opt/rustwide/workdir:ro,Z" "-v" "/var/lib/crater-agent-workspace/cargo-home:/opt/rustwide/cargo-home:ro,Z" "-v" "/var/lib/crater-agent-workspace/rustup-home:/opt/rustwide/rustup-home:ro,Z" "-e" "SOURCE_DIR=/opt/rustwide/workdir" "-e" "CARGO_TARGET_DIR=/opt/rustwide/target" "-e" "CARGO_HOME=/opt/rustwide/cargo-home" "-e" "RUSTUP_HOME=/opt/rustwide/rustup-home" "-w" "/opt/rustwide/workdir" "-m" "1610612736" "--user" "0:0" "--network" "none" "rustops/crates-build-env@sha256:d92eaeed33fa75130ca1ee6c8a01d1ffb62bac859dfdfb3450e3e5d1c0146529" "/opt/rustwide/cargo-home/bin/cargo" "+72f88fc4e9458f89516a0b8b0868f3718aec5b47" "metadata" "--no-deps" "--format-version=1", kill_on_drop: false }`
[INFO] [stdout] 68fd70b0f05fa7e610f9648f31eeefe5996776688c431513a509a4e0f4f5b2bf
[INFO] [stderr] WARNING: Your kernel does not support swap limit capabilities or the cgroup is not mounted. Memory limited without swap.
[INFO] running `Command { std: "docker" "start" "-a" "68fd70b0f05fa7e610f9648f31eeefe5996776688c431513a509a4e0f4f5b2bf", kill_on_drop: false }`
[INFO] running `Command { std: "docker" "inspect" "68fd70b0f05fa7e610f9648f31eeefe5996776688c431513a509a4e0f4f5b2bf", kill_on_drop: false }`
[INFO] running `Command { std: "docker" "rm" "-f" "68fd70b0f05fa7e610f9648f31eeefe5996776688c431513a509a4e0f4f5b2bf", kill_on_drop: false }`
[INFO] [stdout] 68fd70b0f05fa7e610f9648f31eeefe5996776688c431513a509a4e0f4f5b2bf
[INFO] running `Command { std: "docker" "create" "-v" "/var/lib/crater-agent-workspace/builds/worker-11/target:/opt/rustwide/target:rw,Z" "-v" "/var/lib/crater-agent-workspace/builds/worker-11/source:/opt/rustwide/workdir:ro,Z" "-v" "/var/lib/crater-agent-workspace/cargo-home:/opt/rustwide/cargo-home:ro,Z" "-v" "/var/lib/crater-agent-workspace/rustup-home:/opt/rustwide/rustup-home:ro,Z" "-e" "SOURCE_DIR=/opt/rustwide/workdir" "-e" "CARGO_TARGET_DIR=/opt/rustwide/target" "-e" "CARGO_INCREMENTAL=0" "-e" "RUST_BACKTRACE=full" "-e" "RUSTFLAGS=--cap-lints=forbid" "-e" "CARGO_HOME=/opt/rustwide/cargo-home" "-e" "RUSTUP_HOME=/opt/rustwide/rustup-home" "-w" "/opt/rustwide/workdir" "-m" "1610612736" "--user" "0:0" "--network" "none" "rustops/crates-build-env@sha256:d92eaeed33fa75130ca1ee6c8a01d1ffb62bac859dfdfb3450e3e5d1c0146529" "/opt/rustwide/cargo-home/bin/cargo" "+72f88fc4e9458f89516a0b8b0868f3718aec5b47" "check" "--frozen" "--all" "--all-targets" "--message-format=json", kill_on_drop: false }`
[INFO] [stdout] 6644efafe7b9101457e5364f0b4d9aa4c52589113ed75f8337144cbcab9ead15
[INFO] [stderr] WARNING: Your kernel does not support swap limit capabilities or the cgroup is not mounted. Memory limited without swap.
[INFO] running `Command { std: "docker" "start" "-a" "6644efafe7b9101457e5364f0b4d9aa4c52589113ed75f8337144cbcab9ead15", kill_on_drop: false }`
[INFO] [stderr] warning: dependency (webrender) specified without providing a local path, Git repository, or version to use. This will be considered an error in future versions
[INFO] [stderr]    Compiling libc v0.2.77
[INFO] [stderr]    Compiling bitflags v1.2.1
[INFO] [stderr]    Compiling syn v1.0.40
[INFO] [stderr]     Checking cfg-if v0.1.10
[INFO] [stderr]     Checking lazy_static v1.4.0
[INFO] [stderr]    Compiling byteorder v1.3.4
[INFO] [stderr]    Compiling maybe-uninit v2.0.0
[INFO] [stderr]    Compiling serde_derive v1.0.116
[INFO] [stderr]    Compiling serde v1.0.116
[INFO] [stderr]    Compiling libloading v0.6.3
[INFO] [stderr]    Compiling semver-parser v0.7.0
[INFO] [stderr]     Checking rand_core v0.4.2
[INFO] [stderr]    Compiling byte-tools v0.3.1
[INFO] [stderr]    Compiling khronos_api v3.1.0
[INFO] [stderr]    Compiling proc-macro2 v0.4.30
[INFO] [stderr]     Checking downcast-rs v1.2.0
[INFO] [stderr]    Compiling cc v1.0.59
[INFO] [stderr]    Compiling opaque-debug v0.2.3
[INFO] [stderr]    Compiling unicode-xid v0.1.0
[INFO] [stderr]    Compiling xml-rs v0.8.3
[INFO] [stderr]    Compiling fake-simd v0.1.2
[INFO] [stderr]     Checking scopeguard v1.1.0
[INFO] [stderr]     Checking scopeguard v0.3.3
[INFO] [stderr]    Compiling syn v0.15.44
[INFO] [stderr]     Checking void v1.0.2
[INFO] [stderr]     Checking percent-encoding v1.0.1
[INFO] [stderr]     Checking binary-space-partition v0.1.2
[INFO] [stderr]     Checking thread_profiler v0.1.3
[INFO] [stderr]    Compiling num-traits v0.2.12
[INFO] [stderr]    Compiling crossbeam-utils v0.7.2
[INFO] [stderr]    Compiling memoffset v0.5.5
[INFO] [stderr]    Compiling crossbeam-epoch v0.8.2
[INFO] [stderr]    Compiling rayon v1.4.0
[INFO] [stderr]    Compiling x11-dl v2.18.5
[INFO] [stderr]    Compiling block-padding v0.1.5
[INFO] [stderr]    Compiling semver v0.9.0
[INFO] [stderr]     Checking rand_core v0.3.1
[INFO] [stderr]     Checking owning_ref v0.4.1
[INFO] [stderr]    Compiling typenum v1.12.0
[INFO] [stderr]    Compiling log v0.4.11
[INFO] [stderr]    Compiling cmake v0.1.44
[INFO] [stderr]     Checking lock_api v0.1.5
[INFO] [stderr]    Compiling rustc_version v0.2.3
[INFO] [stderr]    Compiling xml-rs v0.7.0
[INFO] [stderr]     Checking smallvec v0.6.13
[INFO] [stderr]     Checking dlib v0.4.2
[INFO] [stderr]    Compiling gl_generator v0.13.1
[INFO] [stderr]    Compiling quote v0.6.13
[INFO] [stderr]     Checking wayland-sys v0.20.12
[INFO] [stderr]    Compiling generic-array v0.12.3
[INFO] [stderr]     Checking block-buffer v0.7.3
[INFO] [stderr]     Checking fxhash v0.2.1
[INFO] [stderr]    Compiling parking_lot_core v0.3.1
[INFO] [stderr]     Checking wayland-commons v0.20.12
[INFO] [stderr]    Compiling wayland-scanner v0.20.12
[INFO] [stderr]    Compiling gl_generator v0.9.0
[INFO] [stderr]     Checking rand v0.5.6
[INFO] [stderr]     Checking memmap v0.6.2
[INFO] [stderr]     Checking num_cpus v1.13.0
[INFO] [stderr]     Checking nix v0.11.1
[INFO] [stderr]     Checking time v0.1.44
[INFO] [stderr]     Checking shared_library v0.1.9
[INFO] [stderr]     Checking sha2 v0.8.2
[INFO] [stderr]     Checking crossbeam-channel v0.4.4
[INFO] [stderr]    Compiling digest v0.8.1
[INFO] [stderr]     Checking osmesa-sys v0.1.2
[INFO] [stderr]     Checking webrender_build v0.1.0
[INFO] [stderr]     Checking crossbeam-deque v0.7.3
[INFO] [stderr]    Compiling servo-freetype-sys v4.0.5
[INFO] [stderr]    Compiling wayland-client v0.20.12
[INFO] [stderr]    Compiling wayland-protocols v0.20.12
[INFO] [stderr]     Checking rayon-core v1.8.0
[INFO] [stderr]    Compiling gleam v0.6.19
[INFO] [stderr]    Compiling glutin v0.18.0
[INFO] [stderr]    Compiling webrender v0.61.0
[INFO] [stderr]     Checking freetype v0.4.1
[INFO] [stderr]     Checking parking_lot v0.6.4
[INFO] [stderr]    Compiling euclid_macros v0.1.0
[INFO] [stderr]     Checking euclid v0.19.9
[INFO] [stderr]    Compiling synstructure v0.12.4
[INFO] [stderr]     Checking smithay-client-toolkit v0.3.0
[INFO] [stderr]     Checking winit v0.17.2
[INFO] [stderr]    Compiling peek-poke-derive v0.2.1
[INFO] [stderr]    Compiling malloc_size_of_derive v0.1.1
[INFO] [stderr]    Compiling derive_more v0.99.10
[INFO] [stderr]    Compiling cstr-macros v0.1.6
[INFO] [stderr]     Checking cstr v0.1.7
[INFO] [stderr]     Checking euclid v0.20.14
[INFO] [stderr]     Checking app_units v0.7.1
[INFO] [stderr]     Checking serde_bytes v0.11.5
[INFO] [stderr]     Checking bincode v1.3.1
[INFO] [stderr]     Checking peek-poke v0.2.0
[INFO] [stderr]     Checking wr_malloc_size_of v0.1.0
[INFO] [stderr]     Checking plane-split v0.15.0
[INFO] [stderr]     Checking webrender_api v0.61.0
[INFO] [stderr]     Checking hello-webrender v0.1.0 (/opt/rustwide/workdir)
[INFO] [stdout] error[E0433]: failed to resolve: use of undeclared type or module `DeviceUintSize`
[INFO] [stdout]   --> src/main.rs:75:28
[INFO] [stdout]    |
[INFO] [stdout] 75 |     let framebuffer_size = DeviceUintSize::new(800, 600);
[INFO] [stdout]    |                            ^^^^^^^^^^^^^^ use of undeclared type or module `DeviceUintSize`
[INFO] [stdout] 
[INFO] [stdout] 
[INFO] [stdout] error[E0433]: failed to resolve: use of undeclared type or module `LayoutPrimitiveInfo`
[INFO] [stdout]    --> src/main.rs:130:16
[INFO] [stdout]     |
[INFO] [stdout] 130 |     let info = LayoutPrimitiveInfo::new(bounds);
[INFO] [stdout]     |                ^^^^^^^^^^^^^^^^^^^ use of undeclared type or module `LayoutPrimitiveInfo`
[INFO] [stdout] 
[INFO] [stdout] 
[INFO] [stdout] error[E0433]: failed to resolve: use of undeclared type or module `LayoutPrimitiveInfo`
[INFO] [stdout]    --> src/main.rs:140:20
[INFO] [stdout]     |
[INFO] [stdout] 140 |     let mut info = LayoutPrimitiveInfo::new((0, 0).to(50, 50));
[INFO] [stdout]     |                    ^^^^^^^^^^^^^^^^^^^ use of undeclared type or module `LayoutPrimitiveInfo`
[INFO] [stdout] 
[INFO] [stdout] 
[INFO] [stdout] error[E0433]: failed to resolve: use of undeclared type or module `LayoutRect`
[INFO] [stdout]    --> src/main.rs:129:18
[INFO] [stdout]     |
[INFO] [stdout] 129 |     let bounds = LayoutRect::new(LayoutPoint::zero(), builder.content_size());
[INFO] [stdout]     |                  ^^^^^^^^^^ not found in this scope
[INFO] [stdout]     |
[INFO] [stdout] help: consider importing this type alias
[INFO] [stdout]     |
[INFO] [stdout] 10  | use units::LayoutRect;
[INFO] [stdout]     |
[INFO] [stdout] 
[INFO] [stdout] 
[INFO] [stdout] error[E0433]: failed to resolve: use of undeclared type or module `LayoutPoint`
[INFO] [stdout]    --> src/main.rs:129:34
[INFO] [stdout]     |
[INFO] [stdout] 129 |     let bounds = LayoutRect::new(LayoutPoint::zero(), builder.content_size());
[INFO] [stdout]     |                                  ^^^^^^^^^^^ not found in this scope
[INFO] [stdout]     |
[INFO] [stdout] help: consider importing this type alias
[INFO] [stdout]     |
[INFO] [stdout] 10  | use units::LayoutPoint;
[INFO] [stdout]     |
[INFO] [stdout] 
[INFO] [stdout] 
[INFO] [stdout] error[E0412]: cannot find type `LayoutRect` in this scope
[INFO] [stdout]    --> src/main.rs:148:39
[INFO] [stdout]     |
[INFO] [stdout] 148 |     fn to(&self, x2: i32, y2: i32) -> LayoutRect;
[INFO] [stdout]     |                                       ^^^^^^^^^^ not found in this scope
[INFO] [stdout]     |
[INFO] [stdout] help: consider importing this type alias
[INFO] [stdout]     |
[INFO] [stdout] 10  | use units::LayoutRect;
[INFO] [stdout]     |
[INFO] [stdout] 
[INFO] [stdout] 
[INFO] [stdout] error[E0412]: cannot find type `LayoutRect` in this scope
[INFO] [stdout]    --> src/main.rs:149:37
[INFO] [stdout]     |
[INFO] [stdout] 149 |     fn by(&self, w: i32, h: i32) -> LayoutRect;
[INFO] [stdout]     |                                     ^^^^^^^^^^ not found in this scope
[INFO] [stdout]     |
[INFO] [stdout] help: consider importing this type alias
[INFO] [stdout]     |
[INFO] [stdout] 10  | use units::LayoutRect;
[INFO] [stdout]     |
[INFO] [stdout] 
[INFO] [stdout] 
[INFO] [stdout] error[E0412]: cannot find type `LayoutRect` in this scope
[INFO] [stdout]    --> src/main.rs:154:39
[INFO] [stdout]     |
[INFO] [stdout] 154 |     fn to(&self, x2: i32, y2: i32) -> LayoutRect {
[INFO] [stdout]     |                                       ^^^^^^^^^^ not found in this scope
[INFO] [stdout]     |
[INFO] [stdout] help: consider importing this type alias
[INFO] [stdout]     |
[INFO] [stdout] 10  | use units::LayoutRect;
[INFO] [stdout]     |
[INFO] [stdout] 
[INFO] [stdout] 
[INFO] [stdout] error[E0433]: failed to resolve: use of undeclared type or module `LayoutRect`
[INFO] [stdout]    --> src/main.rs:155:9
[INFO] [stdout]     |
[INFO] [stdout] 155 |         LayoutRect::new(
[INFO] [stdout]     |         ^^^^^^^^^^ not found in this scope
[INFO] [stdout]     |
[INFO] [stdout] help: consider importing this type alias
[INFO] [stdout]     |
[INFO] [stdout] 10  | use units::LayoutRect;
[INFO] [stdout]     |
[INFO] [stdout] 
[INFO] [stdout] 
[INFO] [stdout] error[E0433]: failed to resolve: use of undeclared type or module `LayoutPoint`
[INFO] [stdout]    --> src/main.rs:156:13
[INFO] [stdout]     |
[INFO] [stdout] 156 |             LayoutPoint::new(self.0 as f32, self.1 as f32),
[INFO] [stdout]     |             ^^^^^^^^^^^ not found in this scope
[INFO] [stdout]     |
[INFO] [stdout] help: consider importing this type alias
[INFO] [stdout]     |
[INFO] [stdout] 10  | use units::LayoutPoint;
[INFO] [stdout]     |
[INFO] [stdout] 
[INFO] [stdout] 
[INFO] [stdout] error[E0433]: failed to resolve: use of undeclared type or module `LayoutSize`
[INFO] [stdout]    --> src/main.rs:157:13
[INFO] [stdout]     |
[INFO] [stdout] 157 |             LayoutSize::new((x2 - self.0) as f32, (y2 - self.1) as f32),
[INFO] [stdout]     |             ^^^^^^^^^^ not found in this scope
[INFO] [stdout]     |
[INFO] [stdout] help: consider importing this type alias
[INFO] [stdout]     |
[INFO] [stdout] 10  | use units::LayoutSize;
[INFO] [stdout]     |
[INFO] [stdout] 
[INFO] [stdout] 
[INFO] [stdout] error[E0412]: cannot find type `LayoutRect` in this scope
[INFO] [stdout]    --> src/main.rs:161:37
[INFO] [stdout]     |
[INFO] [stdout] 161 |     fn by(&self, w: i32, h: i32) -> LayoutRect {
[INFO] [stdout]     |                                     ^^^^^^^^^^ not found in this scope
[INFO] [stdout]     |
[INFO] [stdout] help: consider importing this type alias
[INFO] [stdout]     |
[INFO] [stdout] 10  | use units::LayoutRect;
[INFO] [stdout]     |
[INFO] [stdout] 
[INFO] [stdout] 
[INFO] [stdout] error[E0433]: failed to resolve: use of undeclared type or module `LayoutRect`
[INFO] [stdout]    --> src/main.rs:162:9
[INFO] [stdout]     |
[INFO] [stdout] 162 |         LayoutRect::new(
[INFO] [stdout]     |         ^^^^^^^^^^ not found in this scope
[INFO] [stdout]     |
[INFO] [stdout] help: consider importing this type alias
[INFO] [stdout]     |
[INFO] [stdout] 10  | use units::LayoutRect;
[INFO] [stdout]     |
[INFO] [stdout] 
[INFO] [stdout] 
[INFO] [stdout] error[E0433]: failed to resolve: use of undeclared type or module `LayoutPoint`
[INFO] [stdout]    --> src/main.rs:163:13
[INFO] [stdout]     |
[INFO] [stdout] 163 |             LayoutPoint::new(self.0 as f32, self.1 as f32),
[INFO] [stdout]     |             ^^^^^^^^^^^ not found in this scope
[INFO] [stdout]     |
[INFO] [stdout] help: consider importing this type alias
[INFO] [stdout]     |
[INFO] [stdout] 10  | use units::LayoutPoint;
[INFO] [stdout]     |
[INFO] [stdout] 
[INFO] [stdout] 
[INFO] [stdout] error[E0433]: failed to resolve: use of undeclared type or module `LayoutSize`
[INFO] [stdout]    --> src/main.rs:164:13
[INFO] [stdout]     |
[INFO] [stdout] 164 |             LayoutSize::new(w as f32, h as f32),
[INFO] [stdout]     |             ^^^^^^^^^^ not found in this scope
[INFO] [stdout]     |
[INFO] [stdout] help: consider importing this type alias
[INFO] [stdout]     |
[INFO] [stdout] 10  | use units::LayoutSize;
[INFO] [stdout]     |
[INFO] [stdout] 
[INFO] [stdout] 
[INFO] [stdout] warning: trait objects without an explicit `dyn` are deprecated
[INFO] [stdout]   --> src/main.rs:20:28
[INFO] [stdout]    |
[INFO] [stdout] 20 |     fn clone(&self) -> Box<RenderNotifier> {
[INFO] [stdout]    |                            ^^^^^^^^^^^^^^ help: use `dyn`: `dyn RenderNotifier`
[INFO] [stdout]    |
[INFO] [stdout]    = note: `#[warn(bare_trait_objects)]` on by default
[INFO] [stdout] 
[INFO] [stdout] 
[INFO] [stdout] error[E0433]: failed to resolve: use of undeclared type or module `DeviceUintSize`
[INFO] [stdout]   --> src/main.rs:75:28
[INFO] [stdout]    |
[INFO] [stdout] 75 |     let framebuffer_size = DeviceUintSize::new(800, 600);
[INFO] [stdout]    |                            ^^^^^^^^^^^^^^ use of undeclared type or module `DeviceUintSize`
[INFO] [stdout] 
[INFO] [stdout] 
[INFO] [stdout] error[E0433]: failed to resolve: use of undeclared type or module `LayoutPrimitiveInfo`
[INFO] [stdout]    --> src/main.rs:130:16
[INFO] [stdout]     |
[INFO] [stdout] 130 |     let info = LayoutPrimitiveInfo::new(bounds);
[INFO] [stdout]     |                ^^^^^^^^^^^^^^^^^^^ use of undeclared type or module `LayoutPrimitiveInfo`
[INFO] [stdout] 
[INFO] [stdout] 
[INFO] [stdout] error[E0433]: failed to resolve: use of undeclared type or module `LayoutPrimitiveInfo`
[INFO] [stdout]    --> src/main.rs:140:20
[INFO] [stdout]     |
[INFO] [stdout] 140 |     let mut info = LayoutPrimitiveInfo::new((0, 0).to(50, 50));
[INFO] [stdout]     |                    ^^^^^^^^^^^^^^^^^^^ use of undeclared type or module `LayoutPrimitiveInfo`
[INFO] [stdout] 
[INFO] [stdout] 
[INFO] [stdout] error[E0061]: this function takes 5 arguments but 4 arguments were supplied
[INFO] [stdout]   --> src/main.rs:66:34
[INFO] [stdout]    |
[INFO] [stdout] 66 |     let (mut renderer, sender) = webrender::Renderer::new(
[INFO] [stdout]    |                                  ^^^^^^^^^^^^^^^^^^^^^^^^ expected 5 arguments
[INFO] [stdout] 67 |         gl,
[INFO] [stdout]    |         --
[INFO] [stdout] 68 |         Box::new(Notifier(event_loop.create_proxy())),
[INFO] [stdout]    |         ---------------------------------------------
[INFO] [stdout] 69 |         opts,
[INFO] [stdout]    |         ----
[INFO] [stdout] 70 |         Option::None
[INFO] [stdout]    |         ------------ supplied 4 arguments
[INFO] [stdout] 
[INFO] [stdout] 
[INFO] [stdout] error[E0433]: failed to resolve: use of undeclared type or module `LayoutRect`
[INFO] [stdout]    --> src/main.rs:129:18
[INFO] [stdout]     |
[INFO] [stdout] 129 |     let bounds = LayoutRect::new(LayoutPoint::zero(), builder.content_size());
[INFO] [stdout]     |                  ^^^^^^^^^^ not found in this scope
[INFO] [stdout]     |
[INFO] [stdout] help: consider importing this type alias
[INFO] [stdout]     |
[INFO] [stdout] 10  | use units::LayoutRect;
[INFO] [stdout]     |
[INFO] [stdout] 
[INFO] [stdout] 
[INFO] [stdout] error[E0433]: failed to resolve: use of undeclared type or module `LayoutPoint`
[INFO] [stdout]    --> src/main.rs:129:34
[INFO] [stdout]     |
[INFO] [stdout] 129 |     let bounds = LayoutRect::new(LayoutPoint::zero(), builder.content_size());
[INFO] [stdout]     |                                  ^^^^^^^^^^^ not found in this scope
[INFO] [stdout]     |
[INFO] [stdout] help: consider importing this type alias
[INFO] [stdout]     |
[INFO] [stdout] 10  | use units::LayoutPoint;
[INFO] [stdout]     |
[INFO] [stdout] 
[INFO] [stdout] 
[INFO] [stdout] error[E0412]: cannot find type `LayoutRect` in this scope
[INFO] [stdout]    --> src/main.rs:148:39
[INFO] [stdout]     |
[INFO] [stdout] 148 |     fn to(&self, x2: i32, y2: i32) -> LayoutRect;
[INFO] [stdout]     |                                       ^^^^^^^^^^ not found in this scope
[INFO] [stdout]     |
[INFO] [stdout] help: consider importing this type alias
[INFO] [stdout]     |
[INFO] [stdout] 10  | use units::LayoutRect;
[INFO] [stdout]     |
[INFO] [stdout] 
[INFO] [stdout] 
[INFO] [stdout] error[E0412]: cannot find type `LayoutRect` in this scope
[INFO] [stdout]    --> src/main.rs:149:37
[INFO] [stdout]     |
[INFO] [stdout] 149 |     fn by(&self, w: i32, h: i32) -> LayoutRect;
[INFO] [stdout]     |                                     ^^^^^^^^^^ not found in this scope
[INFO] [stdout]     |
[INFO] [stdout] help: consider importing this type alias
[INFO] [stdout]     |
[INFO] [stdout] 10  | use units::LayoutRect;
[INFO] [stdout]     |
[INFO] [stdout] 
[INFO] [stdout] 
[INFO] [stdout] error[E0412]: cannot find type `LayoutRect` in this scope
[INFO] [stdout]    --> src/main.rs:154:39
[INFO] [stdout]     |
[INFO] [stdout] 154 |     fn to(&self, x2: i32, y2: i32) -> LayoutRect {
[INFO] [stdout]     |                                       ^^^^^^^^^^ not found in this scope
[INFO] [stdout]     |
[INFO] [stdout] help: consider importing this type alias
[INFO] [stdout]     |
[INFO] [stdout] 10  | use units::LayoutRect;
[INFO] [stdout]     |
[INFO] [stdout] 
[INFO] [stdout] 
[INFO] [stdout] error[E0433]: failed to resolve: use of undeclared type or module `LayoutRect`
[INFO] [stdout]    --> src/main.rs:155:9
[INFO] [stdout]     |
[INFO] [stdout] 155 |         LayoutRect::new(
[INFO] [stdout]     |         ^^^^^^^^^^ not found in this scope
[INFO] [stdout]     |
[INFO] [stdout] help: consider importing this type alias
[INFO] [stdout]     |
[INFO] [stdout] 10  | use units::LayoutRect;
[INFO] [stdout]     |
[INFO] [stdout] 
[INFO] [stdout] 
[INFO] [stdout] error[E0433]: failed to resolve: use of undeclared type or module `LayoutPoint`
[INFO] [stdout]    --> src/main.rs:156:13
[INFO] [stdout]     |
[INFO] [stdout] 156 |             LayoutPoint::new(self.0 as f32, self.1 as f32),
[INFO] [stdout]     |             ^^^^^^^^^^^ not found in this scope
[INFO] [stdout]     |
[INFO] [stdout] help: consider importing this type alias
[INFO] [stdout]     |
[INFO] [stdout] 10  | use units::LayoutPoint;
[INFO] [stdout]     |
[INFO] [stdout] 
[INFO] [stdout] 
[INFO] [stdout] error[E0433]: failed to resolve: use of undeclared type or module `LayoutSize`
[INFO] [stdout]    --> src/main.rs:157:13
[INFO] [stdout]     |
[INFO] [stdout] 157 |             LayoutSize::new((x2 - self.0) as f32, (y2 - self.1) as f32),
[INFO] [stdout]     |             ^^^^^^^^^^ not found in this scope
[INFO] [stdout]     |
[INFO] [stdout] help: consider importing this type alias
[INFO] [stdout]     |
[INFO] [stdout] 10  | use units::LayoutSize;
[INFO] [stdout]     |
[INFO] [stdout] 
[INFO] [stdout] 
[INFO] [stdout] error[E0412]: cannot find type `LayoutRect` in this scope
[INFO] [stdout]    --> src/main.rs:161:37
[INFO] [stdout]     |
[INFO] [stdout] 161 |     fn by(&self, w: i32, h: i32) -> LayoutRect {
[INFO] [stdout]     |                                     ^^^^^^^^^^ not found in this scope
[INFO] [stdout]     |
[INFO] [stdout] help: consider importing this type alias
[INFO] [stdout]     |
[INFO] [stdout] 10  | use units::LayoutRect;
[INFO] [stdout]     |
[INFO] [stdout] 
[INFO] [stdout] 
[INFO] [stdout] error[E0433]: failed to resolve: use of undeclared type or module `LayoutRect`
[INFO] [stdout]    --> src/main.rs:162:9
[INFO] [stdout]     |
[INFO] [stdout] 162 |         LayoutRect::new(
[INFO] [stdout]     |         ^^^^^^^^^^ not found in this scope
[INFO] [stdout]     |
[INFO] [stdout] help: consider importing this type alias
[INFO] [stdout]     |
[INFO] [stdout] 10  | use units::LayoutRect;
[INFO] [stdout]     |
[INFO] [stdout] 
[INFO] [stdout] 
[INFO] [stdout] error[E0433]: failed to resolve: use of undeclared type or module `LayoutPoint`
[INFO] [stdout]    --> src/main.rs:163:13
[INFO] [stdout]     |
[INFO] [stdout] 163 |             LayoutPoint::new(self.0 as f32, self.1 as f32),
[INFO] [stdout]     |             ^^^^^^^^^^^ not found in this scope
[INFO] [stdout]     |
[INFO] [stdout] help: consider importing this type alias
[INFO] [stdout]     |
[INFO] [stdout] 10  | use units::LayoutPoint;
[INFO] [stdout]     |
[INFO] [stdout] 
[INFO] [stdout] 
[INFO] [stdout] error[E0433]: failed to resolve: use of undeclared type or module `LayoutSize`
[INFO] [stdout]    --> src/main.rs:164:13
[INFO] [stdout]     |
[INFO] [stdout] 164 |             LayoutSize::new(w as f32, h as f32),
[INFO] [stdout]     |             ^^^^^^^^^^ not found in this scope
[INFO] [stdout]     |
[INFO] [stdout] help: consider importing this type alias
[INFO] [stdout]     |
[INFO] [stdout] 10  | use units::LayoutSize;
[INFO] [stdout]     |
[INFO] [stdout] 
[INFO] [stdout] 
[INFO] [stdout] warning: trait objects without an explicit `dyn` are deprecated
[INFO] [stdout]   --> src/main.rs:20:28
[INFO] [stdout]    |
[INFO] [stdout] 20 |     fn clone(&self) -> Box<RenderNotifier> {
[INFO] [stdout]    |                            ^^^^^^^^^^^^^^ help: use `dyn`: `dyn RenderNotifier`
[INFO] [stdout]    |
[INFO] [stdout]    = note: `#[warn(bare_trait_objects)]` on by default
[INFO] [stdout] 
[INFO] [stdout] 
[INFO] [stdout] error[E0061]: this function takes 5 arguments but 4 arguments were supplied
[INFO] [stdout]   --> src/main.rs:66:34
[INFO] [stdout]    |
[INFO] [stdout] 66 |     let (mut renderer, sender) = webrender::Renderer::new(
[INFO] [stdout]    |                                  ^^^^^^^^^^^^^^^^^^^^^^^^ expected 5 arguments
[INFO] [stdout] 67 |         gl,
[INFO] [stdout]    |         --
[INFO] [stdout] 68 |         Box::new(Notifier(event_loop.create_proxy())),
[INFO] [stdout]    |         ---------------------------------------------
[INFO] [stdout] 69 |         opts,
[INFO] [stdout]    |         ----
[INFO] [stdout] 70 |         Option::None
[INFO] [stdout]    |         ------------ supplied 4 arguments
[INFO] [stdout] 
[INFO] [stdout] 
[INFO] [stdout] error[E0277]: cannot divide `webrender::euclid::Size2D<f32, DevicePixel>` by `TypedScale<f32, _, _>`
[INFO] [stdout]   --> src/main.rs:80:49
[INFO] [stdout]    |
[INFO] [stdout] 80 |     let layout_size = framebuffer_size.to_f32() / euclid::TypedScale::new(device_pixel_ratio);
[INFO] [stdout]    |                                                 ^ no implementation for `webrender::euclid::Size2D<f32, DevicePixel> / TypedScale<f32, _, _>`
[INFO] [stdout]    |
[INFO] [stdout]    = help: the trait `Div<TypedScale<f32, _, _>>` is not implemented for `webrender::euclid::Size2D<f32, DevicePixel>`
[INFO] [stdout] 
[INFO] [stdout] 
[INFO] [stdout] error[E0061]: this function takes 12 arguments but 6 arguments were supplied
[INFO] [stdout]    --> src/main.rs:131:13
[INFO] [stdout]     |
[INFO] [stdout] 131 |     builder.push_stacking_context(
[INFO] [stdout]     |             ^^^^^^^^^^^^^^^^^^^^^ expected 12 arguments
[INFO] [stdout] 132 |         &info,
[INFO] [stdout]     |         -----
[INFO] [stdout] 133 |         None,
[INFO] [stdout]     |         ----
[INFO] [stdout] 134 |         TransformStyle::Flat,
[INFO] [stdout]     |         --------------------
[INFO] [stdout] 135 |         MixBlendMode::Normal,
[INFO] [stdout]     |         --------------------
[INFO] [stdout] 136 |         Vec::new(),
[INFO] [stdout]     |         ----------
[INFO] [stdout] 137 |         RasterSpace::Screen,
[INFO] [stdout]     |         ------------------- supplied 6 arguments
[INFO] [stdout] 
[INFO] [stdout] 
[INFO] [stdout] error: aborting due to 18 previous errors; 1 warning emitted
[INFO] [stdout] 
[INFO] [stdout] 
[INFO] [stdout] Some errors have detailed explanations: E0061, E0277, E0412, E0433.
[INFO] [stdout] 
[INFO] [stdout] For more information about an error, try `rustc --explain E0061`.
[INFO] [stdout] 
[INFO] [stderr] error: could not compile `hello-webrender`.
[INFO] [stderr] 
[INFO] [stderr] To learn more, run the command again with --verbose.
[INFO] [stderr] warning: build failed, waiting for other jobs to finish...
[INFO] [stdout] error[E0277]: cannot divide `webrender::euclid::Size2D<f32, DevicePixel>` by `TypedScale<f32, _, _>`
[INFO] [stdout]   --> src/main.rs:80:49
[INFO] [stdout]    |
[INFO] [stdout] 80 |     let layout_size = framebuffer_size.to_f32() / euclid::TypedScale::new(device_pixel_ratio);
[INFO] [stdout]    |                                                 ^ no implementation for `webrender::euclid::Size2D<f32, DevicePixel> / TypedScale<f32, _, _>`
[INFO] [stdout]    |
[INFO] [stdout]    = help: the trait `Div<TypedScale<f32, _, _>>` is not implemented for `webrender::euclid::Size2D<f32, DevicePixel>`
[INFO] [stdout] 
[INFO] [stdout] 
[INFO] [stdout] error[E0061]: this function takes 12 arguments but 6 arguments were supplied
[INFO] [stdout]    --> src/main.rs:131:13
[INFO] [stdout]     |
[INFO] [stdout] 131 |     builder.push_stacking_context(
[INFO] [stdout]     |             ^^^^^^^^^^^^^^^^^^^^^ expected 12 arguments
[INFO] [stdout] 132 |         &info,
[INFO] [stdout]     |         -----
[INFO] [stdout] 133 |         None,
[INFO] [stdout]     |         ----
[INFO] [stdout] 134 |         TransformStyle::Flat,
[INFO] [stdout]     |         --------------------
[INFO] [stdout] 135 |         MixBlendMode::Normal,
[INFO] [stdout]     |         --------------------
[INFO] [stdout] 136 |         Vec::new(),
[INFO] [stdout]     |         ----------
[INFO] [stdout] 137 |         RasterSpace::Screen,
[INFO] [stdout]     |         ------------------- supplied 6 arguments
[INFO] [stdout] 
[INFO] [stdout] 
[INFO] [stdout] error: aborting due to 18 previous errors; 1 warning emitted
[INFO] [stdout] 
[INFO] [stdout] 
[INFO] [stdout] Some errors have detailed explanations: E0061, E0277, E0412, E0433.
[INFO] [stdout] 
[INFO] [stdout] For more information about an error, try `rustc --explain E0061`.
[INFO] [stdout] 
[INFO] [stderr] error: build failed
[INFO] running `Command { std: "docker" "inspect" "6644efafe7b9101457e5364f0b4d9aa4c52589113ed75f8337144cbcab9ead15", kill_on_drop: false }`
[INFO] running `Command { std: "docker" "rm" "-f" "6644efafe7b9101457e5364f0b4d9aa4c52589113ed75f8337144cbcab9ead15", kill_on_drop: false }`
[INFO] [stdout] 6644efafe7b9101457e5364f0b4d9aa4c52589113ed75f8337144cbcab9ead15
